t of 27627034?
7
What is the thousands digit of 474930?
4
What is the ten thousands digit of 415343?
1
What is the hundred thousands digit of 6335125?
3
What is the thousands digit of 194462?
4
What is the millions digit of 3652789?
3
What is the millions digit of 1244563?
1
What is the tens digit of 2730491?
9
What is the units digit of 6901145?
5
What is the tens digit of 886694?
9
What is the hundred thousands digit of 433262?
4
What is the thousands digit of 3914596?
4
What is the thousands digit of 2990119?
0
What is the hundreds digit of 7502439?
4
What is the ten thousands digit of 1341267?
4
What is the millions digit of 5019497?
5
What is the ten millions digit of 20551032?
2
What is the hundreds digit of 201063?
0
What is the millions digit of 11038437?
1
What is the millions digit of 2363040?
2
What is the tens digit of 554849?
4
What is the hundred thousands digit of 12126391?
1
What is the tens digit of 340643?
4
What is the thousands digit of 7147805?
7
What is the units digit of 143432?
2
What is the thousands digit of 192819?
2
What is the hundred thousands digit of 1704824?
7
What is the hundreds digit of 3877193?
1
What is the units digit of 8132026?
6
What is the units digit of 3820922?
2
What is the hundred thousands digit of 7649143?
6
What is the millions digit of 1474282?
1
What is the hundreds digit of 1846131?
1
What is the units digit of 37189?
9
What is the thousands digit of 17366123?
6
What is the ten thousands digit of 21203993?
0
What is the ten thousands digit of 1326925?
2
What is the ten thousands digit of 59969?
5
What is the units digit of 12693552?
2
What is the hundred thousands digit of 1606481?
6
What is the units digit of 8007259?
9
What is the units digit of 175873?
3
What is the ten thousands digit of 285136?
8
What is the ten thousands digit of 1391191?
9
What is the units digit of 141675?
5
What is the tens digit of 20009580?
8
What is the units digit of 1139945?
5
What is the units digit of 2371887?
7
What is the hundreds digit of 32296707?
7
What is the ten thousands digit of 2679090?
7
What is the units digit of 320947?
7
What is the thousands digit of 574777?
4
What is the hundred thousands digit of 2848704?
8
What is the hundred thousands digit of 16170593?
1
What is the hundreds digit of 496912?
9
What is the ten thousands digit of 6336262?
3
What is the hundreds digit of 1449933?
9
What is the units digit of 5652707?
7
What is the tens digit of 295014?
1
What is the millions digit of 2365263?
2
What is the hundreds digit of 5199543?
5
What is the tens digit of 2270804?
0
What is the tens digit of 259629?
2
What is the thousands digit of 27434109?
4
What is the ten millions digit of 11325099?
1
What is the ten thousands digit of 2561024?
6
What is the ten thousands digit of 5462964?
6
What is the hundred thousands digit of 1847122?
8
What is the hundreds digit of 414456?
4
What is the hundreds digit of 1202667?
6
What is the ten thousands digit of 63332?
6
What is the ten thousands digit of 245615?
4
What is the thousands digit of 305832?
5
What is the hundreds digit of 2226205?
2
What is the ten thousands digit of 8424972?
2
What is the ten thousands digit of 665550?
6
What is the hundreds digit of 15990420?
4
What is the ten thousands digit of 7098098?
9
What is the thousands digit of 147655?
7
What is the tens digit of 2641273?
7
What is the millions digit of 1232085?
1
What is the tens digit of 1769564?
6
What is the ten thousands digit of 7272704?
7
What is the thousands digit of 246889?
6
What is the hundred thousands digit of 456668?
4
What is the ten thousands digit of 271547?
7
What is the millions digit of 11156561?
1
What is the hundred thousands digit of 6226146?
2
What is the ten thousands digit of 106579?
0
What is the units digit of 177198?
8
What is the ten thousands digit of 10632843?
3
What is the tens digit of 12174361?
6
What is the units digit of 8101639?
9
What is the hundred thousands digit of 265145?
2
What is the units digit of 3475914?
4
What is the hundred thousands digit of 303040?
3
What is the thousands digit of 1200486?
0
What is the hundred thousands digit of 28554710?
5
What is the millions digit of 10739234?
0
What is the units digit of 2308300?
0
What is the tens digit of 382769?
6
What is the units digit of 17720117?
7
What is the ten thousands digit of 1397007?
9
What is the hundred thousands digit of 1772741?
7
What is the tens digit of 329776?
7
What is the hundreds digit of 2101756?
7
What is the ten thousands digit of 409065?
0
What is the millions digit of 1957607?
1
What is the tens digit of 37831099?
9
What is the ten millions digit of 23327862?
2
What is the thousands digit of 46402?
6
What is the hundreds digit of 4817314?
3
What is the thousands digit of 4933880?
3
What is the hundred thousands digit of 9907482?
9
What is the hundreds digit of 3332803?
8
What is the units digit of 33432424?
4
What is the thousands digit of 50292?
0
What is the ten thousands digit of 37838148?
3
What is the ten thousands digit of 44220?
4
What is the units digit of 698798?
8
What is the units digit of 737772?
2
What is the tens digit of 4182655?
5
What is the hundred thousands digit of 232219?
2
What is the thousands digit of 1331926?
1
What is the hundred thousands digit of 5608978?
6
What is the units digit of 2174911?
1
What is the units digit of 11381095?
5
What is the hundreds digit of 183369?
3
What is the thousands digit of 777371?
7
What is the hundred thousands digit of 23410348?
4
What is the ten millions digit of 22011745?
2
What is the hundreds digit of 2846009?
0
What is the tens digit of 4563514?
1
What is the hundreds digit of 947904?
9
What is the tens digit of 1073602?
0
What is the millions digit of 1661364?
1
What is the hundred thousands digit of 12513060?
5
What is the units digit of 1521518?
8
What is the units digit of 6446677?
7
What is the ten thousands digit of 122093?
2
What is the hundreds digit of 20752228?
2
What is the hundred thousands digit of 2269126?
2
What is the hundreds digit of 9159754?
7
What is the thousands digit of 4337944?
7
What is the thousands digit of 375273?
5
What is the units digit of 11409455?
5
What is the thousands digit of 196174?
6
What is the tens digit of 424307?
0
What is the thousands digit of 575325?
5
What is the tens digit of 118979?
7
What is the thousands digit of 11211767?
1
What is the ten thousands digit of 2422497?
2
What is the ten thousands digit of 2898674?
9
What is the tens digit of 5714234?
3
What is the tens digit of 1780138?
3
What is the ten millions digit of 23789344?
2
What is the hundred thousands digit of 479427?
4
What is the units digit of 21675115?
5
What is the thousands digit of 520474?
0
What is the thousands digit of 350723?
0
What is the ten thousands digit of 16402347?
0
What is the hundred thousands digit of 2128685?
1
What is the thousands digit of 440665?
0
What is the ten thousands digit of 185578?
8
What is the hundred thousands digit of 3616193?
6
What is the units digit of 937627?
7
What is the ten thousands digit of 3484147?
8
What is the units digit of 3710430?
0
What is the hundred thousands digit of 1495015?
4
What is the tens digit of 3079895?
9
What is the hundreds digit of 5511?
5
What is the thousands digit of 788630?
8
What is the millions digit of 42611314?
2
What is the tens digit of 68423?
2
What is the hundred thousands digit of 714728?
7
What is the tens digit of 877221?
2
What is the hundred thousands digit of 5712232?
7
What is the units digit of 3440364?
4
What is the hundreds digit of 88664?
6
What is the thousands digit of 304803?
4
What is the tens digit of 450650?
5
What is the tens digit of 465621?
2
What is the units digit of 127268?
8
What is the hundred thousands digit of 279667?
2
What is the hundred thousands digit of 626079?
6
What is the millions digit of 1294599?
1
What is the ten thousands digit of 56768?
5
What is the units digit of 1676502?
2
What is the tens digit of 686429?
2
What is the units digit of 152760?
0
What is the hundreds digit of 660976?
9
What is the millions digit of 7137981?
7
What is the ten thousands digit of 2883896?
8
What is the tens digit of 886113?
1
What is the hundred thousands digit of 288512?
2
What is t